st common factor of i and q.
16
Suppose 35*n - 942 = 1508. What is the highest common factor of 4970 and n?
70
Let m = -3517 + 3565. Calculate the greatest common divisor of m and 276.
12
Let p = -9530 - -9764. What is the highest common factor of p and 81?
9
Let k = 26 - 16. Let i = 366 + -278. Let f = 128 - i. Calculate the highest common divisor of f and k.
10
Let f be 13 + (-1 - 7/35*10). What is the greatest common factor of f and 1940?
10
Let i = -11 + 7. Let f = i - 1. Let g be (((-18)/f)/1)/((-18)/(-300)). What is the highest common factor of g and 24?
12
Suppose 0 = 5*x - 0*x + 945. Let z = -105 - x. What is the greatest common divisor of 12 and z?
12
Suppose 2*m + 5*j - 543 = 1038, -3*m + 2364 = 5*j. Let o(p) = 3*p**2 - 14*p + 24. Let z be o(5). Calculate the greatest common factor of m and z.
29
Suppose -3164 = -349*z + 326. Let r(h) be the third derivative of -h**4/24 + h**3/3 - h**2. Let k be r(0). Calculate the highest common divisor of z and k.
2
Let l be (2*3)/((-120)/(-25) + -5). Let n be (89 - l)*(-12)/(-14). Calculate the greatest common divisor of 153 and n.
51
Suppose -2*q + 5*r = -47, 2*r - 1 = 54*q - 55*q. Suppose 440 = s + 4*s. What is the highest common divisor of q and s?
11
Suppose x + 55 - 351 = 0. Suppose 3*v + 165 = 189. What is the highest common divisor of x and v?
8
Suppose -i + 66 = -5*n, 37*i = 32*i - 7*n + 266. What is the highest common factor of 10024 and i?
56
Suppose 5*x = 2*p - 3, -4 = -5*p - x + 17. Suppose 2*r = t - 42, 0*t + p*t + 5*r - 168 = 0. What is the highest common divisor of 112 and t?
14
Let x = -2308 + 2692. What is the greatest common divisor of 512 and x?
128
Suppose -13*m + 28 = -11. Suppose -m*k + 28 + 215 = 0. What is the highest common factor of 18 and k?
9
Suppose 3*w = 4*w - y - 39, -8*w + 367 = 3*y. Suppose 2*c - 4*j + j = 208, 0 = 4*c - 5*j - 420. Calculate the highest common factor of c and w.
22
Let l(k) = -39*k + 7. Let m be l(0). Let s(g) = -3*g - 1. Let i be s(3). Let o be (-76)/i + (-6)/10. Calculate the highest common factor of m and o.
7
Let y be 2*1 + 76 + -1. Suppose 507 - 4792 + 106 = -199*z. What is the greatest common divisor of y and z?
7
Let r = -2011 + 2081. Suppose -j = 3*j + 232. Let b = r + j. What is the highest common factor of 24 and b?
12
Suppose x = 31 - 2. Let l be (x/6)/((-4)/(-24)). Let n = l + 21. What is the highest common factor of n and 75?
25
Let g be (-2)/(30/345) - -557. What is the greatest common divisor of 258 and g?
6
Let t(y) = -y**3 - 9*y**2 + 353*y - 68. Let p be t(11). What is the greatest common divisor of p and 120?
15
Suppose 4*f + 55*q - 60*q = 8135, -4*q + 10220 = 5*f. What is the highest common divisor of f and 240?
120
Suppose -3*n + 30 = 4*t, -5*t + 33 = 2*n + n. Suppose -n*y + 464 = -748. Let x = 422 - y. What is the greatest common factor of 20 and x?
20
Suppose 64*a + 5*h = 65*a - 6, -3*a - 5*h = -58. Calculate the greatest common divisor of a and 188.
4
Let s = 227 + -97. Suppose -2*g - 3*g = -5, -4*g + s = 3*t. What is the greatest common factor of 56 and t?
14
Let q = 10925 - 9955. What is the highest common factor of q and 1261?
97
Let v(f) = f**2 - 3*f - 10. Suppose -8 = -p - 2*m, 2*p + 3*p - 2*m = 40. Let d be v(p). Let i = 370 - 350. Calculate the greatest common divisor of d and i.
10
Suppose 3*o - 3*k - 12 = 0, 0 = 3*o - 4*k - 14 - 0. Suppose -6*y + y - o*z = -85, 2*y - 20 = 2*z. Calculate the greatest common factor of 3 and y.
3
Let t be (-24 + 26)*10/4. Suppose -24 = -4*j - 3*f + f, t*f = 10. Suppose 75 = -j*x + 115. Calculate the highest common factor of x and 24.
8
Let m = 5446 + -5445. What is the greatest common factor of m and 166?
1
Let q = 538 - 532. Let a(b) = b + 5. Let y be a(q). Calculate the highest common divisor of y and 517.
11
Let g be (2 + -192)*(-6)/4. Suppose -j - 3*y + 9 = 0, j = -j - 9*y + 12. What is the highest common divisor of j and g?
15
Let l(p) = -5*p**2 + 41*p - 10. Let m be l(5). Calculate the greatest common divisor of m and 200.
10
Suppose 4*x + 2*z = -z + 38, -z + 18 = 2*x. Suppose -185*m - 6 = -183*m. Let c be (-5630)/(-100) + m/10. What is the greatest common divisor of c and x?
8
Let t = 543 + 2915. What is the highest common factor of t and 38?
38
Let x be (-1535)/(-13) - (-11)/(-143). Suppose 0 = 2*f + 2*c + 2*c + 12, -2*c - 2 = 3*f. What is the highest common factor of x and f?
2
Let j(q) = q**3 + 17*q**2 - 5*q - 26. Let g be -18 + (-2 - -1) - -2. Let x be j(g). Let n = 63 - x. What is the highest common divisor of n and 6?
2
Suppose s + 5*d - 35 = -7, 5*s - 314 = 4*d. What is the greatest common divisor of s and 3973?
29
Let i be 813 - ((-312)/702 + (-134)/(-18)). Let p be 20 + 0 + 3 + 3. Calculate the highest common factor of p and i.
26
Let g = 6 + -4. Let y be (2 - 5) + 3 + 5 + 70. Let w = 78 - y. Calculate the highest common factor of g and w.
1
Let c(g) = 544*g**2 + g + 7. Let f be c(2). Suppose 288*b = 307*b - f. Calculate the greatest common factor of b and 5.
5
Suppose -10*t + 11318 - 1458 = 0. Calculate the greatest common divisor of 464 and t.
58
Suppose 0*l = -6*l. Suppose l = s + 139 - 138. Let w be (38 - (2 - -2)) + -1 + s. What is the greatest common divisor of 96 and w?
32
Let r be 192 - (-16 + 16)*2/(-4). Let k = r - 184. What is the highest common factor of 44 and k?
4
Suppose -219 = 5*f - c, -3*c = 4*f - 6*f - 98. Let g = f + 46. Suppose 3*h - 6*h = -g*p - 66, -97 = -4*h - 5*p. What is the highest common factor of 46 and h?
23
Let x(z) = z**3 + 12*z**2 - 45*z + 2. Let i be x(-15). Suppose -2*s - i = 0, 0 = -3*p + 5*s + 191 - 42. What is the highest common divisor of p and 64?
16
Let s = 38911 + -35761. What is the highest common divisor of 126 and s?
126
Let o = -12374 + 12444. Calculate the greatest common factor of 95 and o.
5
Suppose 0*z + 322 = 2*z. Let x be 21/((-12 + 14 + -5)/(-3)). Calculate the highest common factor of x and z.
7
Let b(l) = 5*l**2 + l + 5*l**2 - 13 - l**2 - 12. Let q be b(-5). Calculate the highest common factor of q and 15.
15
Let k(d) = d**2 - 4*d - 4. Let l be k(4). Let i be 4 + -1 - 2*l. Suppose 224*m = -95*m + 33*m + 9438. What is the greatest common factor of m and i?
11
Suppose -3*o = 4*r - 166, -2*r = 2*o + o - 80. Let v = 2658 - 2099. What is the highest common factor of r and v?
43
Let l = 199 - 195. Calculate the highest common factor of l and 1488.
4
Let d(z) = 5*z**2 + 25*z - 4. Let o be d(-6). Suppose 3*g = 3216 + 138. What is the greatest common divisor of o and g?
26
Let p(i) = i**3 + 7*i**2 - 43*i + 207. Let n be p(-11). What is the highest common factor of n and 707?
7
Suppose 78 = 508*s - 495*s. Calculate the greatest common factor of s and 417.
3
Let c = -2150 - -2275. Calculate the greatest common divisor of 5125 and c.
125
Let a(p) = -p**2 - 22*p - 51. Let i be a(-11). What is the greatest common divisor of i and 1085?
35
Suppose 2*a - 252*b - 48 = -254*b, 5*a - 168 = b. Suppose 3*q + 4*d = 5*d + 1245, 5*q = 4*d + 2068. Calculate the highest common factor of a and q.
32
Let m be -19 + 5 + 1*536. Calculate the greatest common factor of m and 90.
18
Let a be (2 - 1)/((-4)/(-84)). Suppose 0 = -g + 11*g - 420. Suppose -13*p + g = p. What is the highest common divisor of p and a?
3
Suppose 427*g + 1 = 426*g. Let s be g + 45/39 + (-87248)/(-728). What is the highest common divisor of 96 and s?
24
Let s = 8233 - 7612. What is the highest common divisor of s and 54?
27
Let r = -344 - -58. Let o = 294 + r. What is the highest common divisor of 2 and o?
2
Let y(m) = 21*m**2 + 35*m - 36. Let j be y(1). Let o be 20/(-24) + (-92970)/(-108). Calculate the highest common factor of j and o.
20
Suppose -7*l + 3*y - 131 = -454, 4*l + y = 190. What is the greatest common factor of 47 and l?
47
Let i be (16/(-14))/(((-85)/(-3927))/((-20)/24)). Suppose 3*n - 231 = 5*c + 287, -4*n + 696 = -4*c. What is the highest common factor of i and n?
44
Let l(s) = -s**2 - 4*s + 27. Let i be l(-9). Let u = 125 - i. What is the greatest common divisor of u and 78?
13
Let f be 4/(-6)*249/(-2 - -1). Let u = f + -124. What is the highest common factor of 112 and u?
14
Let z = -2768 - -3674. What is the greatest common divisor of 1963 and z?
151
Let y(j) = -12*j + 14. Let c(h) = 13*h - 15. Let a(f) = -2*c(f) - 3*y(f). Let b be a(3). Calculate the g